rivative of 4*n**2 + 1/2*n**3 - 7*n + 0 + 1/24*n**4. Let s(l) be the first derivative of w(l). Give s(0).
3
Let k(n) be the third derivative of -n**7/840 + 7*n**6/360 - n**5/24 + 2*n**3 - 5*n**2. Let l(o) be the first derivative of k(o). Calculate l(6).
6
Let f(p) = -p**3 - 2*p**2 + p - 4. Let w be ((-10)/((-60)/18))/(-1). Calculate f(w).
2
Let l = -892 - -868. Let q(y) = 2*y + 46. Determine q(l).
-2
Let o(t) be the second derivative of -t**4/12 - 5*t**3/3 + 2*t**2 - 4*t - 316. Let h be 1 - -1*9*-1. Determine o(h).
20
Let v(c) = -c**2 - 2 - 2*c**3 - 2*c - 4*c**2 + c**3. Let u be ((-324)/(-60) - 5)/(3/(-30)). What is v(u)?
-10
Let x(p) = -p - 8. Let v(u) = 2*u**3 - 11*u**2 + 10*u + 2. Let o be v(4). Calculate x(o).
-2
Suppose 0 = -20*l + 17*l + 54. Let p(k) = k**2 - 17*k - 14. Let g be p(l). Let n(s) = -s - 3. Determine n(g).
-7
Let d(v) = v**3 - 3*v**2. Let n = 0 + 2. Let q be (-2 - (-6 + -1))*(-14)/(-14). Suppose -m + i = -0*i - 4, -q*i = 4*m + n. Determine d(m).
-4
Suppose 0 = -10*s + 76 - 36. Let v(l) be the first derivative of -4*l - 4 - l**3 - 1/4*l**s + 0*l**2. Determine v(-3).
-4
Let a = -5 - -8. Let d(q) = -4*q - 6 + 7*q - 8*q**2 - 2*q**a + 3*q**2 + 3*q**3. Suppose -60 = -13*s + s. Calculate d(s).
9
Let b be 3 - (8/(-6) - (-5)/15). Let r = b - 7. Let w(x) = -x**2 - 1. What is w(r)?
-10
Let w(c) be the second derivative of -c**4/12 + 5*c**3/6 - 9*c**2/2 - 26*c. Let v(d) = -1. Let g(y) = -3*v(y) + w(y). Give g(4).
-2
Suppose -167*p + 163*p = 12, 2 = -2*q - 4*p. Let k(h) = -h**3 + 3*h**2 - h - 2. Give k(q).
-57
Suppose 2*x - 24 = 3*k - 28, 5*x + 29 = -2*k. Let w(i) = -i**3 - 3*i**2 + 2*i + 3. Calculate w(k).
-5
Let f(t) = -t**2 - 3*t + 4. Suppose 5 = 4*b - v - 6, 2*v = -5*b + 4. Suppose 3*i + 2*i + 2*j + 20 = 0, -12 = 3*i + b*j. Give f(i).
0
Let u(x) = -6238 + 4*x + 4*x + 6231. Determine u(2).
9
Let j(c) = -2 - 4*c - 2*c + 6*c - c. Let m be 1 - (3 - 2) - -33. Let o = -31 + m. What is j(o)?
-4
Let y(r) = -10 - 917*r + 3 + 1826*r - r**2 - 907*r. Give y(5).
-22
Let g(b) = -9*b + 133. Let p be g(14). Let c(a) be the second derivative of -a**5/20 + 2*a**4/3 - 11*a**3/6 + 7*a**2/2 - 2*a. Calculate c(p).
-21
Suppose -12 + 13 = t. Let z be t/(-3)*(-9 + 3). Let q(d) = -d**3 - d**2 + 2*d + 1. What is q(z)?
-7
Let u(z) = -5*z**2 - z - 1. Let n(x) = -2*x + 15. Let t be n(6). Suppose t*o - 5 = 8*o. Give u(o).
-5
Let l be (-2)/(-4) + 63/14. Let j(c) = 2*c**2 - 7*c - 3. Let s(o) = o**2 - 3*o - 1. Let w(n) = l*s(n) - 2*j(n). Give w(2).
3
Let s be (-8)/(-4) - 2 - 30/(-6). Let b(d) = d**3 - 4*d**2 - 4*d. Calculate b(s).
5
Let j(x) = x**2 - 3*x. Let i be 1/2 + (-10)/(-4). Suppose i*p - 18 = 27. Let r = p - 12. Give j(r).
0
Suppose -3*a + 22 = 8*a. Let v(f) = -4*f + 5. Calculate v(a).
-3
Let z(q) = q. Let h(y) = -6*y + 141. Let r be h(25). What is z(r)?
-9
Let j(u) be the first derivative of -u**4/4 + 5*u**3/3 + u**2/2 - 6. Let c be j(5). Let g(r) = -1 - 1 + 2 + 7*r**2 - 1 - c*r - r**3. Give g(6).
5
Suppose 0 = -8*r - 89 + 41. Let y(t) = -t**3 - 5*t**2 + 5*t - 5. Determine y(r).
1
Let y(m) = -m**3 - 2*m**2 - m + 1. Let i(t) = 2*t**3 - t + 2. Let j(g) = -i(g) + y(g). What is j(-2)?
15
Let q(z) = 14*z - 1. Let s(w) = -81*w + 40. Let i(n) = -6*q(n) - s(n). Calculate i(-11).
-1
Let u(o) = -174 - 4*o - 158 + 333. Determine u(-7).
29
Let k(z) = -7*z**2 - 3*z - 4*z**2 + z**3 + 5 + z**2 - 2. Let f(t) = t**2 - t. Suppose -6 = -n - 5. Let r(i) = n*k(i) + 4*f(i). Give r(7).
3
Let t(k) = k**2 - 3*k + 1. Let y(o) = -3*o + 15. Let r be y(4). Suppose -2*c = -2*v + 10, -2*c + 15 + r = 5*v. Calculate t(v).
5
Let h(a) = a - 11. Let i(u) = -u**2 - 6*u + 4. Suppose 5 = -4*s - 11. Let n be i(s). What is h(n)?
1
Let o(u) = u**3 + 7*u**2 - 10. Suppose -3*k = -12, -4*k = -w - 8 - 9. Let b(s) = 7*s. Let p be b(w). What is o(p)?
-10
Let t(p) = -p**2 + 8*p + 9. Let w(o) = o**3 + 5*o**2 - 11*o - 23. Let s be w(-6). What is t(s)?
16
Let l(w) = -w**2 + 3*w - 6. Let f be (-12)/(-30) - 62/5. Let p be 1 + 0 - f/4. Suppose -p*c - o + 7 = -14, 3 = 3*o. Calculate l(c).
-16
Let h(d) be the first derivative of -d**2/2 - 12*d - 288. Calculate h(-7).
-5
Let g(p) = p - 5. Let k(c) = -c + 6. Let a(s) = 3*g(s) + 2*k(s). Suppose 429 - 71 = 4*x + 3*h, -4 = 2*h. Let f = -89 + x. Determine a(f).
-1
Let o(b) = -b**2 + 3*b + 1. Suppose -11*z = -8*z + 4*w + 105, -4*w = 0. Suppose 4*k - 2*k + 64 = 0. Let l = k - z. Give o(l).
1
Let v(q) = q**3 - 6*q**2 + 5*q + 2. Suppose -2*u + 0*u = -8. Let g be v(u). Let z = 4 + g. Let t(a) = a**3 + 5*a**2 - 5*a + 2. Calculate t(z).
-4
Let l(n) = n**2 - 4*n + 7. Let k = -14 - -11. Let v be (9/k + 13)/2. Determine l(v).
12
Let g(u) = -2*u - 8. Suppose -v = 3*v - 4*p + 28, 2 = v + 2*p. Let t be (-12)/3 - (-8)/v. Determine g(t).
4
Let d(h) = h**3 + 8*h**2 + 6*h - 4. Suppose -a = -7*p + 2*p + 7, -2*a = -4*p + 14. Calculate d(a).
3
Let v be (0/2)/(1 + 0). Let p(o) = 13*o**3 + 5*o**2 + 5*o - 2. Let j(g) = 11*g**3 + 4*g**2 + 4*g - 1. Let d(m) = 6*j(m) - 5*p(m). Determine d(v).
4
Let v(t) = 2*t + 5. Let w(n) = 2*n + 2. Let l be w(-6). Let q = -6 - l. Determine v(q).
13
Let f be (-10)/65 + (-111)/39. Let u(r) = -2*r**2 - 5*r. Determine u(f).
-3
Let o(w) = 3*w**3 + 54*w**2 - 60*w - 56. Let g(h) = -h**3 - 18*h**2 + 20*h + 19. Let a(u) = 11*g(u) + 4*o(u). What is a(-19)?
4
Let d = -3/2 + 5/3. Let s(q) be the second derivative of -d*q**3 + 1/12*q**4 + 0 + 2*q - 7/2*q**2. What is s(0)?
-7
Let n(r) be the third derivative of 1/6*r**3 + 1/24*r**4 + 0 + 28*r**2 + 0*r. Determine n(5).
6
Let i(l) = 11*l - 16. Let v(r) = -17*r + 25. Let g(j) = 8*i(j) + 5*v(j). Calculate g(-3).
-12
Let w = 69 + -73. Let l(q) = q - 5*q**2 - 5 + 4 + 2 - 6*q - q**3. Calculate l(w).
5
Suppose -89*d + 87*d = 16. Let z(i) = -3*i + 5. Calculate z(d).
29
Let v(h) = -h - 2. Let g be v(-6). Let k = -5 - g. Let l = k - -11. Let r(c) = c**3 - 3*c**2 + 2*c - 3. What is r(l)?
-3
Suppose -30 = 3*n + 5*a, 4*n + 5*a + 18 + 17 = 0. Let l be ((-12)/(-10))/(2/n). Let h(i) = -3*i - 4. Give h(l).
5
Suppose 2*k - 16 = -26. Let p(v) = v**3 + 7*v**2 + 4*v - 6. Determine p(k).
24
Let t(h) = -h**2 - 78 - 3*h + 9*h + 0*h**2 + 72. What is t(6)?
-6
Suppose -5*d + 25 + 10 = -5*h, -3*d + 25 = -4*h. Let v(r) = -6*r**3 - 7*r**d + 3*r**3. What is v(-1)?
10
Let l be (-5 + 6)/((-2)/(-10)). Let h(b) = 6*b + 2. Calculate h(l).
32
Let j be (-7)/(-49) - 1/7. Suppose j = 4*d - 4*u + 36, -2*d + 5*u - 29 = 4. Let q(v) be the first derivative of v**3/3 + v**2 - 5*v - 9. Determine q(d).
3
Let x(p) = p**2 - 8*p. Suppose 2 + 418 = 4*b. Let o be (-5)/(-10) - b/(-14). What is x(o)?
0
Let s(p) = 2*p - 8. Let i(v) = -v**2 - 10*v + 15. Let t be i(-11). Let r = 11 - t. Give s(r).
6
Let q = 107 + -98. Let z(g) = -g + 1. Determine z(q).
-8
Let i(p) = -p**3 - 2*p**2 + p + 4. Suppose -13*z + 3*z = -480. Let y = -51 + z. Calculate i(y).
10
Let n(b) = -49449 - b + 49449 - 10*b**3. Give n(-1).
11
Let u(z) = 4*z. Let x(c) = 2*c**3 - 51*c**2 + 27*c - 55. Let d be x(25). Calculate u(d).
-20
Let f(y) = -y**2 + 8*y - 21. Suppose -20 = -15*c + 70. What is f(c)?
-9
Suppose -4*t - 70 = -50. Let z(g) = -2*g**2 - 5*g - 5. Calculate z(t).
-30
Let l(d) = d**2 - 10*d + 5. Let w be l(10). Let m(j) be the third derivative of j**4/24 - 3*j**3/2 + 7*j**2 - 2. Calculate m(w).
-4
Let t(f) = -f + 2. Let z be (-3)/1 - (36/(-6) + -1). Let a be 14/(-4)*(-4 - z/(-2)). What is t(a)?
-5
Let n(k) = 8*k + 5. Let m(p) = -400 + 7*p + 795 - 390. Let y(b) = 6*m(b) - 5*n(b). What is y(-5)?
-5
Let q(z) = -z**3 - 5*z**2 - 5*z + 4. Let b be 332/(-6) - 1/(-3). Let y = -59 - b. Calculate q(y).
8
Let i = -67 + 66. Let n(g) = 3*g**2 - g. Calculate n(i).
4
Let y(f) = -7 + 8*f + 2*f**2 - 2*f - 3*f**2. Let h(z) = z**3 - 22 + 5*z**2 + 3*z**2 + 0*z**3 - 6*z - 6*z. Let n be h(-9). Give y(n).
-2
Let l(k) = k**3 - 5*k**2 - 2*k + 1. Let o(a) = -38*a - 33. Let t be o(-1). Determine l(t).
-9
Let i = -37 - -146. Let n = -108 + i. Let l(z) = 7*z**3 - z**2 + z. Determine l(n).
7
Let g(d) be the first derivative of -d**6/30 - d**4/24 - 7*d**2 + 3. Let c(w) be the second derivative of g(w). Give c(1).
-5
Suppose -p - 2*p = -9. Suppose 4*m - p*n = 26, 5*n + 4 = -4*m + 14. Let r(z) = z + 4. Let l(h) = -1. Let q(x) = 2*l(x) + r(x). Calculate q(m).
7
Let w = 132 - 125. Let k(h) = -h + 1. Let t(j) = j**2 - 3*j - 6. Let z(i) 